r of h and 37?
37
Suppose 3*c - 2 = -2*q + 15, -10 = 2*c. Let o(t) = t**3 + t**2. Let j be o(0). Suppose j = -p + 5*p - 32. Calculate the highest common factor of q and p.
8
Let l(u) = u**3 - 8*u**2 + 12*u + 5. Let z be l(11). Let a = z + -810. Let h = -182 - a. What is the greatest common factor of h and 16?
16
Let l = 13 - 24. Let k = l + 181. Suppose -106 = -x - 3*j, 4*x - 2*j - k = 296. What is the highest common factor of 23 and x?
23
Suppose -7*i = -4*i - 30. What is the greatest common divisor of 10 and i?
10
Suppose -2*u - 4*n = u - 6, -n = -4*u + 27. Let r(o) = 4*o - 6. Let p be r(6). Calculate the highest common divisor of u and p.
6
Let u = -2 + 38. Calculate the greatest common factor of u and 6.
6
Let v(i) = -4*i + 1. Suppose 2*k - g = 3*g + 12, -4*k + 2*g = 0. Let s be v(k). Calculate the highest common divisor of 3 and s.
3
Suppose -5*v - 1 + 10 = -4*w, 32 = 3*w + 4*v. Calculate the greatest common divisor of 2 and w.
2
Suppose -1 = -d, t - 2*t + d + 3 = 0. Let j(w) = 2*w**2 - w - 1. Let r be j(t). What is the highest common factor of 54 and r?
27
Let z be (0 + 1/2)*0. Let w be (0 - z)/(-3) - -6. Suppose 80 = w*t - 2*t. Calculate the greatest common divisor of 50 and t.
10
Suppose -4*u + 60 = -0*u. Suppose -3*m = c - 404, -3*c + 104 + 298 = 3*m. Calculate the highest common divisor of u and m.
15
Suppose -206 = -4*k - 30. Let n = 26 + -21. Suppose -42 = -2*d + n*o - 8, -4*d + 78 = -5*o. What is the highest common divisor of k and d?
22
Let q be 25/(-7) + (-9)/21. Let c = q + 6. Suppose 3*x = -c*b + 171, 0*b - 3*x - 99 = -b. What is the highest common divisor of b and 18?
18
Let f = 2 - 0. Suppose -8 = 2*m - 4*w, m - w + 35 = 6*m. Let p = f + m. Calculate the highest common factor of p and 4.
4
Let r be 12/16 - (-205)/20. What is the highest common factor of 33 and r?
11
Let f = -26 + 118. What is the highest common factor of 23 and f?
23
Suppose -3*i = 4*x + 43, i = 4*x - x - 36. Let z = i - -11. Let r = 23 + z. Calculate the highest common divisor of 104 and r.
13
Let k = 13 - 11. Suppose 0 = -k*h + 3*h - 2. What is the greatest common factor of h and 18?
2
Let r(z) = -z + 11. Let h be r(8). Suppose 0*a - 18 = h*a. Let j(v) = -v**3 - 6*v**2 - 7*v + 6. Let i be j(a). Calculate the highest common factor of i and 6.
6
Let d(u) = u**3 - 6*u**2 - 3*u - 4. Let g be d(7). What is the greatest common divisor of 264 and g?
24
Let u be 2 - (2 - 2) - -48. Let h = u - -37. Suppose 2*p + m - h = 0, 4*p - p = -4*m + 138. What is the highest common factor of p and 14?
14
Suppose -5*q + 2*z + 131 = 36, -q = -z - 16. What is the greatest common divisor of q and 7?
7
Let z be -1 + 1 - (-3 - 0). Calculate the greatest common divisor of z and 33.
3
Let h(a) = a**3 + 24. Let u be h(0). Calculate the highest common factor of 12 and u.
12
Let y = 49 - 14. Suppose 0 = -2*p + 2*m + 38, p - m = 3*p - y. Calculate the highest common divisor of p and 54.
18
Let d(w) = w**2 - w + 5. Let f be d(4). Calculate the greatest common divisor of 34 and f.
17
Suppose 4 = 4*w - 0, 28 = 4*f - 4*w. What is the highest common divisor of 8 and f?
8
Let r = 48 + -28. Calculate the greatest common factor of 60 and r.
20
Suppose 195 = 20*s - 15*s. Calculate the greatest common divisor of s and 13.
13
Suppose -23 = -7*g + 6*g. What is the greatest common divisor of 529 and g?
23
Suppose -2*h + 9 = 4*g + h, g - 5*h = 8. Calculate the greatest common factor of 15 and g.
3
Let u(o) = -11*o - 2. Let t be u(-2). Suppose 2*i + 2*i = t. Calculate the greatest common factor of 5 and i.
5
Let j(y) = y**2 - y + 2. Let l be j(2). Let g = l + -1. Suppose -c + s + 9 = -7, -4*c + 56 = 4*s. What is the highest common divisor of g and c?
3
Let h be 10/4*(-10)/(-5). Calculate the greatest common divisor of h and 25.
5
Suppose -3*i + 2*i + q = -56, -5*q - 40 = -i. Suppose -100 = -5*c - 5*t, -76 = -c - 2*c + t. Calculate the greatest common factor of c and i.
12
Suppose -b - b - 34 = 0. Let c be 2/(-3) - b/3. Suppose -c*g + 90 = -0*g. What is the highest common divisor of g and 12?
6
Suppose 4*c - 42 = -2*n, -3*c - 105 - 26 = -5*n. What is the greatest common divisor of n and 25?
25
Let n(y) = y**2 - y + 86. Let g be n(0). Suppose -4*s + g + 234 = 0. Let h be ((-15)/(-2))/(21/56). Calculate the greatest common divisor of h and s.
20
Let m(r) = 4*r**2 - 4*r - 1. Let d(p) = 3*p - 3. Let t be d(2). Let q be m(t). What is the greatest common factor of 23 and q?
23
Let u = 11 + 4. What is the highest common factor of u and 75?
15
Suppose m = -3*m + 92. Let u be 2/(-3) + m/3. Let i = 19 - u. Calculate the highest common divisor of 12 and i.
12
Suppose -3*x - 54 = -6*x. Suppose -2*o + 648 = 2*o. What is the highest common divisor of x and o?
18
Suppose -5*r - 164 = -5*w - 19, -4*w + 2*r = -108. Suppose -4*q + w = n, -5*n = -6 + 1. What is the greatest common factor of 66 and q?
6
Let c(i) = i + 7. Let r be c(-4). Let w(t) = 2 + 2*t**2 - 5*t - 3*t**3 - 1 + 4*t**r - 3. Let n be w(-3). What is the greatest common divisor of 4 and n?
4
Let t be 6/(-9) - (-46)/6. Let q(f) = f**2 - 2*f + 5. Let v be q(t). Let s be (2/3)/(2/15). Calculate the greatest common divisor of v and s.
5
Suppose -12 = -v - 2*m, -3*m - 30 = -3*v - 7*m. What is the greatest common factor of 6 and v?
6
Let i(u) = u**3 + 18*u**2 - 2*u - 22. Let s be i(-18). What is the highest common divisor of 21 and s?
7
Let d be (-20)/(-9) + 14/(-63) - -28. Calculate the highest common divisor of d and 45.
15
Let q be (2/4)/((-7)/(-196)). Suppose 2*n = 3*g + n - 294, -4*g + n + 392 = 0. Calculate the highest common factor of q and g.
14
Suppose 5*n + 15 = 0, 0 = 2*f + 2*n - 2 - 14. Suppose 0 = -3*u - 16 - 32. Let j = 27 + u. Calculate the highest common divisor of f and j.
11
Suppose -136 = -4*j - 36. Let k = j + -18. Suppose -v = -2*v + k. Calculate the highest common divisor of v and 56.
7
Suppose -3*a + 31 = -2. What is the highest common factor of a and 99?
11
Suppose 0 = -4*b - l + 92, 0 = b - 5*l - 0 - 2. Calculate the greatest common divisor of 110 and b.
22
Let q(v) = v**2 - 7*v + 9. Let p be (7/(-3))/((-2)/6). Let r be q(p). What is the greatest common factor of r and 9?
9
Let v = -2 - -4. Suppose 0 = 2*x + a - v - 13, 27 = 3*x + 3*a. Calculate the greatest common divisor of 3 and x.
3
Let c = -5 + 9. Let i be c/(-8) + (-5)/2. Let p be i/5*(9 - 34). What is the highest common factor of p and 5?
5
Suppose -f - 4*f - 2040 = 0. Let h = f + 836. Let y be h/18 + (-2)/(-9). Calculate the greatest common factor of y and 48.
24
Suppose -2 + 16 = 2*n. Suppose 111 = 6*f - 267. Calculate the greatest common divisor of n and f.
7
Let u be 12 - (1 + -1) - -4. What is the highest common divisor of u and 112?
16
Suppose -u + b + b = -101, -2*b = -4*u + 422. Suppose 157 = 3*h - u. Calculate the greatest common factor of h and 8.
8
Let o be (1 - -1)/((-6)/(-12)). Suppose 4 = -0*q + 2*q. Calculate the greatest common divisor of o and q.
2
Suppose 4*r = 2*p - 76, 2*p + 0*r - 69 = -3*r. What is the greatest common divisor of 6 and p?
6
Suppose 3*j - 2*r + 34 = 0, 0 = -j - 2*j - 2*r - 14. Let u be (-4 + 9)*j/(-10). Calculate the greatest common divisor of u and 36.
4
Suppose 5*d + 5*y = 20, d = -y - 2*y + 8. Let w be -24*3/(-6)*d. What is the highest common factor of 16 and w?
8
Let g = 23 + -16. Suppose g*m = 11*m - 88. Calculate the greatest common divisor of 22 and m.
22
Let h = -1 + 13. Let t = -17 + 53. What is the greatest common divisor of t and h?
12
Suppose -6 = -2*i + 20. Calculate the greatest common divisor of i and 39.
13
Suppose 3*p - 82 - 44 = 0. Let w be 7/(-14) + p/4. Calculate the greatest common divisor of w and 2.
2
Suppose -z - 2 = -3*z. Let m be (z/(-2))/(4/(-96)). What is the greatest common factor of 120 and m?
12
Suppose -j - 116 = -4*w, -4*w + 128 = 2*j - 0*j. What is the highest common factor of w and 15?
15
Let f be (-2 + 2/(-1))*-2. Let r be (f + -20)*(0 - 2). Calculate the highest common factor of r and 16.
8
Suppose -3*f + 64 - 19 = 0. Calculate the greatest common divisor of f and 15.
15
Let h(n) = -n + 8. Let x be h(-7). Let w = x - -1. What is the highest common divisor of 176 and w?
16
Let s(b) = b**2 + 3*b + 8. Let m(o) = -o**2 + 9*o + 4. Let f be m(10). Let k be s(f). What is the highest common divisor of k and 208?
26